0 = 0, 4*v + 31 = 6*v - 5*h. Determine b(v).
137
Let p(g) = 3*g. Let n(b) = -5*b + 4. Let s(t) = 2*n(t) + 3*p(t). What is s(5)?
3
Let s(j) = -j**3 + j**2 + j + 14. Suppose -2 = 5*i + 8. Let y be 15/30 + i/4. Calculate s(y).
14
Let h(m) = 9*m - 124. Let g be h(14). Let c(t) = -2*t - 5. Let q(b) = b + 6. Let s(f) = g*c(f) + 3*q(f). Let v = 8 + -2. What is s(v)?
2
Let k = 6 + -4. Let m(b) = -11*b + 20. Let n(c) = 8*c - 15. Let u(i) = -3*m(i) - 4*n(i). What is u(k)?
2
Suppose 0 = -25*t + 2*t + 13*t + 8*t. Let f(h) be the second derivative of -1/2*h**2 + 3*h**3 + 15*h + t. Calculate f(-1).
-19
Let q(i) = -i**3 + 6*i**2 - 12*i + 10. Let k be q(3). Let j(f) = -4 + k - 14*f - 15*f + 28*f. What is j(-5)?
2
Let d(u) = -13*u**2 - 5*u + 9. Let s = 9709 - 9707. Give d(s).
-53
Let p(s) = -5*s**2 + 24*s - 21. Let i(r) = 9*r**2 - 46*r + 40. Let b(m) = -4*i(m) - 7*p(m). Determine b(9).
50
Let t be (208/(-40))/(2*1/10). Let x = t - -32. Suppose 2 = -n - 4*w, 3*n + 2*w = x*n + 6. Let j(g) = -g - 1. What is j(n)?
1
Let j(m) be the second derivative of -m**3/6 + m**2 + 2*m. Suppose -8*b - 60 = 76. Let o(z) = 2*z + 29. Let u be o(b). Calculate j(u).
7
Let q(i) be the third derivative of 1/6*i**3 + 0 - 223*i**2 - 7/24*i**4 + 0*i. Give q(-1).
8
Suppose 2*c + 43 = -5*i - 16, -i = 5. Let x(m) = -14*m - 231. Give x(c).
7
Suppose 40*m + 831 - 671 = 0. Let d(h) = 3*h + 0*h + 7 + 3 - 5. What is d(m)?
-7
Suppose 4 - 12 = -4*h. Suppose 6 = -l - i + 13, 5*l + 2*i = 23. Let g(x) = 1 - 6 + 2 + x + l*x. What is g(h)?
5
Let q be (-321)/(-18) + 1 - ((-737)/66 + 11). Let c(o) = o**3 - 18*o**2 - 22*o + 37. Determine c(q).
-20
Let f(a) = 2*a**2 + 7*a + 5. Let u(n) = -3*n - 3. Let v be u(1). Let h be (-1)/v - (-1 - 1/(-6)). Suppose -5*o = p + 22, -h = -2*o + 2*p - 5. Determine f(o).
9
Let y(a) = 2*a**2 - 2 - 2*a**2 + 4*a**2 + a**3. Let j be (2 - 346) + 15/3. Let q = -342 - j. What is y(q)?
7
Let w(q) be the second derivative of q**5/20 + q**4 - q**3/2 + 4*q**2 + 100*q - 5. Determine w(-12).
44
Let u(h) = -303*h + 17*h**2 + 222*h + 82*h - 3 - 3. Give u(2).
64
Let r = 795 + -800. Let w(n) be the first derivative of n**3/3 + 7*n**2/2 + 5. Give w(r).
-10
Let m(y) = -y**2 - y + 3. Suppose -36*a + 162*a + 126 = 0. Calculate m(a).
3
Let c(g) be the third derivative of g**5/30 + 7*g**4/24 + g**3/3 - 4*g**2 - 47*g. Calculate c(-2).
-4
Suppose -27 = -4*h - d, -14 = -3*h - d + 5. Suppose -4*v - 3*t + 2 - 15 = 0, 4*v - h = 4*t. Let k(g) = -16*g**3 - 2*g**2 + 1. What is k(v)?
15
Let n(b) = 5*b**2 - 13*b. Let c(g) = -g**2 + 3*g. Suppose -6*j + 6 + 6 = 0. Let o(f) = j*n(f) + 9*c(f). Let t be -2 + 4 + -6*4/8. What is o(t)?
0
Suppose -5*w = w - 66. Suppose -m - w = -2*f, -f = -m - 0*f - 7. Let r(a) be the third derivative of -a**5/60 - a**4/6 - a**3/6 - a**2. What is r(m)?
2
Let w(s) be the third derivative of 11*s**4/24 + s**3/2 + 77*s**2 + 3*s. Give w(6).
69
Let l(p) = -193 + 13*p - 6*p + p**2 - 3*p + 183. Let s be 72/(-10) + 2/10. Determine l(s).
11
Let b(v) be the third derivative of -v**4/4 + 2*v**3 + 875*v**2. Calculate b(-11).
78
Suppose -20 = 2*g + 6*b - 9*b, 5*g - 4*b = -36. Let a(y) = y**3 + 4*y**2 + 6*y + 3. Determine a(g).
-21
Let m be ((-21)/(105/50))/(2*1). Let k(h) = h**2 + 2*h + 6. Calculate k(m).
21
Let u be -4 - (2/8 + (-82)/8). Let t(b) = -38 - 31 + 75 - b. Give t(u).
0
Let m = 13 - 19. Let o(f) = 9*f - 7*f**2 + 1752*f**3 - 1753*f**3 + 0 + 2 + 3*f**2. Calculate o(m).
20
Suppose 3*l - 7*l - 133 = 15*l. Let x(n) be the first derivative of 6*n + 1/3*n**3 + 4*n**2 + 2. Calculate x(l).
-1
Suppose 35*j - 52 = -192. Let g(i) = 14*i**3 + 4*i**2 + 3*i - 6. Let x(p) = -19*p**3 - 5*p**2 - 2*p + 6. Let l(y) = j*x(y) - 5*g(y). Determine l(1).
5
Let r(p) = 2*p + 15. Let j be r(-5). Let k(i) = -i - 5. Let s(v) = 2*v + 9. Let f(d) = j*k(d) + 2*s(d). Suppose l + 5*x = 7, l + l - 4*x - 14 = 0. Give f(l).
-14
Let l(r) = -r**2 - 3*r + 32. Suppose p = 3*k - 14, 0*p + 8 = 3*k + 2*p. Let b be l(k). Let d(t) = t**3 - 8*t**2 + 4*t + 3. What is d(b)?
-45
Let v(l) = -l**3 - 10*l**2 + 12*l + 1. Let t(i) = -2*i**3 - 10*i**2 + 13*i - 1. Let h(p) = 2*t(p) - 3*v(p). Suppose 15 - 42 = -3*r. What is h(r)?
-14
Suppose 3*s - 3*h = 18, -7 = 5*s - h - 21. Let v(t) = -1684*t + 1682*t + 2 + 23*t**3 + 3*t**2 - 24*t**3. Give v(s).
2
Let o(l) = -3*l**3 + 4*l**2 - 6*l + 2. Let t(h) = -2*h**3 + 2*h**2 - 5*h + 3. Let s = -421 + 417. Let j(m) = s*t(m) + 3*o(m). Let z = -7 + 11. Calculate j(z).
2
Suppose 12*n - 15*n - 5*j + 8 = 0, 2*n + 3*j - 7 = 0. Let a(w) = -2*w**2 + 23*w + 11. Determine a(n).
22
Let t(g) be the third derivative of -62*g**2 + 3/2*g**3 + 0 + 0*g + 1/6*g**4. What is t(-8)?
-23
Let m(n) be the third derivative of -n**4/24 - 3*n**3 + 311*n**2 - 5*n. What is m(0)?
-18
Let h(d) = -2*d**2 - 6*d + 734858 - 734859 + d**2. Suppose 2*x = -2*g, 3*x = 5*x + g + 5. Give h(x).
4
Let l(s) = -2*s**2 + 7*s - 8. Let x(k) = k**2 - k - 1. Let f(q) = -5*q**2 + 10*q - 2. Let b(j) = f(j) + 4*x(j). Let d(a) = -3*b(a) + 2*l(a). What is d(-6)?
-10
Let q(s) = s**2 + 1. Suppose 4 = -4*b, j + 703 = 5*j + b. Let o = -174 + j. Determine q(o).
5
Let c(h) = 980*h - 396*h - 572*h + 36. Give c(-3).
0
Let s(z) = 1 - 1 + 4 - 7 - z - 3*z**2 + 4. Determine s(-1).
-1
Suppose 5*i - 6 = -g, -583*g + 4 = 4*i - 582*g. Let t(f) = 2*f - 6. Let p be t(4). Let q(b) = -475*b**i - b**3 + 475*b**2 + b + p. Calculate q(2).
-4
Let a(i) = -7*i**2 - 352*i - 94. Let f be a(-50). Suppose 165 = 3*k + 39. Suppose f*n = 12 - k. Let g(y) = y**2 + 5*y + 3. Give g(n).
3
Suppose 4*v + v = -5*q + 60, 0 = 3*v - q - 20. Let f(g) = -6 - 125*g**3 + 4*g + 9*g**2 - 6*g - 5*g + 124*g**3. What is f(v)?
2
Let w(p) = -p**2 + 2*p + 2. Suppose 3*b - 22 = -7. Let f = 721 - 721. Suppose f = b*k + 4*n - 11, 10 = -3*k + 6*k - n. Calculate w(k).
-1
Suppose 0 = -x - 5 + 3. Let p(m) be the second derivative of m**7/840 + m**4/12 - 8*m**3 + 90*m. Let g(h) be the second derivative of p(h). Determine g(x).
-6
Let p(f) be the first derivative of -1/4*f**4 - 2*f**3 - f**2 - 6*f - 22. Suppose 0 = 5*r + 2*l + l + 15, l = 4*r + 29. What is p(r)?
6
Let y(g) = g**2 + g - 1. Suppose 2*f + 24 = 2*b, -5 + 1 = 2*b + 5*f. Let p be 108/1 - (3 - b). Suppose l - p = -115. Give y(l).
1
Let f(h) = -h - 14. Let c be (1/((-2)/3))/(111/518). What is f(c)?
-7
Let r = 2 + -8. Let d(q) = -q**3 + 4*q**2 - 15*q + 4. Let h(b) = -3*b**3 + 8*b**2 - 43*b + 10. Let c(s) = 8*d(s) - 3*h(s). Calculate c(r).
20
Suppose -m = -5*b - 17, 201*b - 2 = 203*b. Let v(y) = -2*y**3 + 27*y**2 - 35*y - 13. What is v(m)?
-1
Let i be 890/3*48/(-40). Let a = i + 360. Let r(n) = -n**2 + 6. Determine r(a).
-10
Let h be 5 + (146 - -7) + -6. Let z(r) = -14 + h*r - 59*r - 97*r. Calculate z(-5).
6
Let w(o) = -6*o**2 - 7. Let q(i) be the third derivative of -7*i**5/60 + i**4/12 - 4*i**3/3 + 62*i**2. Let a(d) = 3*q(d) - 4*w(d). Give a(-4).
28
Let k(q) = -q**3 + 23*q**2 - 23*q + 30. Let i be 2*(-8)/32*(-2 - -46)/(-1). Calculate k(i).
8
Let a(x) = -2*x**2 + 10*x - 3. Suppose -30*y - 20*y = -63*y + 104. Give a(y).
-51
Let o be (1264/(-790))/(6/10 + -1). Suppose 5*j + 40 = -c, -3*c + 20 = -j - o. Let i(g) = -g**2 - 10*g - 7. Calculate i(j).
2
Let o(r) = -6*r**2 - 9*r - 16. Let v(u) = -14*u**2 - 18*u - 34. Let y(w) = 9*o(w) - 4*v(w). Calculate y(5).
-3
Let q be 351/20 - 28/(-16) - (-6)/(-20). Let c(v) = -v**3 + 18*v**2 + 22*v - 60. Determine c(q).
-3
Let b(n) be the first derivative of 2*n**3 + n**2/2 - 3. Let m(h) = -h + 16. Let c be m(14). Suppose -4*k - 2*x - 13 = -3, -5*k + c*x = -1. Calculate b(k).
5
Let q be 3*((-418)/(-33) + (-1 - 0)). Let v(o) = -43*o - 14 - q*o + 116*o - 39*o. Calculate v(-6).
-8
Let j(o) = -o**3 - 10*o**2 - 9*o. Let t(f) = -f**3 - 9*f**2 - 8*f. Let d(s) = -3*j(s) + 2*t(s). Suppose 13*h + 3*b = 18*h + 55, 3*h + b + 33 = 0. What is d(h)?
0
Let v = 64 + 39. Let r(m) = v*m - 49*m + 3*m**3 + 4 - 45*m + 9*m**2. Let u(q) = -q**3 - 1. Let t(x) = r(x) + 2*u(x). Determine t(-8).
-6
Let u(l) = 3*l + 35. Let f(n) = 2*n + 23. Let d(s) = 7*f(s) - 5*u(s). Let g = 590 - 588. Let y be 1/g*0/7. Calculate d(y).
-14
Let i = 13 + -10. Let r(h) = i - 5*h - 7*h + 7*h. Let c = 16 - 13. Calculate r(c).
-12
Let u(l) = 345*l**3 - l**2 - l - 1085*l**3 + 3 + 739*l**3. Suppose -15*c = -16*c. Give u(c).
3
Let d(s) = s + 4. Let w(a) = 14*a**2 - 2*a - 7. Let